2*b - 4*z - 2 = 0. Suppose b + 27 = -2*q. Let g be (q/10 - -1)*-68. Calculate the highest common divisor of g and 68.
34
Let j(c) be the third derivative of c**5/30 - 3*c**4/4 - 19*c**3/6 + 39*c**2. Let k be j(10). Let m = 1 + 0. Calculate the highest common divisor of k and m.
1
Suppose 16 = -4*l, 0 = -4*s + 4*l + 96 + 312. Suppose 210 = 113*r - s*r. What is the highest common factor of r and 448?
14
Suppose -44*b + 430 = -2322 - 20. What is the highest common factor of b and 25?
1
Let j(m) = -2*m**2 + 82*m + 93. Let w be j(42). Calculate the greatest common divisor of 2349 and w.
9
Let y(b) = b**2 + 10*b - 34. Let s be y(4). What is the highest common factor of s and 5126?
22
Let q = 31 + -28. Suppose 0 = -l + q. Suppose -4*j + l*f = -51, -j + 3*f + 34 = -2*f. What is the highest common divisor of j and 117?
9
Let a be (0 + 3)*(-17 + 9100/39). Calculate the greatest common factor of 295 and a.
59
Let d be (18 - (-30)/(-2)) + 7992. Calculate the greatest common factor of 260 and d.
65
Suppose -v + 204 + 137 = 33. Calculate the greatest common factor of 693 and v.
77
Suppose 19*h = -86*h + 19320. Calculate the highest common factor of 3772 and h.
92
Let u = -230 + 323. Suppose 0 = -3*l - 21 + u. Suppose -7*x + 3*x + l = 0. Calculate the highest common divisor of 2 and x.
2
Suppose -7*c - 25*c = 14*c - 4600. Calculate the highest common factor of 140 and c.
20
Let r be (1/(18/1320))/((-2)/(-9)). Suppose -8 - 13 = -d. Let w = 9 + d. What is the greatest common divisor of r and w?
30
Let a = 18581 + -18541. Calculate the greatest common divisor of a and 1030.
10
Let y(d) = -d**2 + 20*d - 85. Let q be y(13). Suppose -564 + 2148 = q*h. Calculate the greatest common divisor of 48 and h.
24
Suppose 14*t = 10*t - 4, 0 = 2*m + 3*t - 1059. What is the highest common divisor of 54 and m?
9
Suppose -15*s + 2*k - 5 = -18*s, 3*s - 10 = -k. Suppose -w = -2*f - s*w + 210, 315 = 3*f - w. What is the greatest common factor of 75 and f?
15
Let j = 529 + -528. Let t be 342/6 + -6 + j. What is the highest common factor of 182 and t?
26
Let y = -134 + 200. Suppose -26*l = -2628 - 3378. What is the highest common factor of l and y?
33
Suppose -3*q + 7*q = -132. Let g be 4*(-2)/2 - q. Suppose -4*l + g = 2*m - 63, -2*m - 2*l = -86. What is the highest common factor of m and 8?
8
Suppose 2*j - 24 = t, -7*t = -2*t - 5*j + 95. Let p be (t/(-3))/((-4)/30). Let h = -33 - p. What is the greatest common factor of h and 16?
2
Let x = -4455 - -4470. Calculate the greatest common factor of 125 and x.
5
Suppose -26*v - 3788 = -17282 - 6890. Let c = 43 + -27. Calculate the highest common factor of c and v.
16
Let u = 317 + -147. Let m = -154 + u. What is the highest common divisor of 56 and m?
8
Suppose -y = 3*c - 153, 3*y = 6*c - 5*c + 469. Suppose -7*h + y = 9. Suppose 0 = t - 5*t + 84. Calculate the greatest common factor of h and t.
21
Let z = 2091 + 1766. Calculate the highest common factor of z and 203.
203
Let p(b) = -7*b - 1. Suppose 0 = -2*n + 1 - 3. Let a be p(n). Suppose 12*f - 61 = 11. What is the greatest common factor of a and f?
6
Suppose 63*r - 65*r - 14 = 0, r - 163 = -5*c. Calculate the greatest common divisor of c and 1105.
17
Let y be (15/((-600)/16))/(2/(-10)). Suppose 2*p + r = -0*p + 11, -2*r - y = -4*p. Calculate the greatest common divisor of p and 6.
3
Let g(w) = 13*w**2 + 12*w - 30. Let x be g(4). Calculate the highest common factor of x and 3503.
113
Let f(v) = -v**3 - 11*v**2 + 14*v - 13. Suppose -j - w = 14, 0*j + 5*w = 2*j + 21. Let a be f(j). What is the highest common factor of 26 and a?
13
Suppose 9*u - 1744 = 2171. Suppose 7 = -c + 10, -4*i = c - u. Calculate the highest common divisor of 27 and i.
27
Suppose 5*m - 3*c - 1260 = 0, m + 3*c - 299 = -47. Suppose -a + m = -275. What is the greatest common factor of 31 and a?
31
Let t = 4413 + 5500. What is the highest common factor of t and 23?
23
Let n(i) = 48*i + 122. Let d be n(-2). Suppose -4*g + 1788 = 4*z, z + 2*z = 5*g - 2195. What is the greatest common factor of d and g?
26
Let g = -53 - -66. Suppose 2*w - d = g + 2, -d + 3 = 0. Calculate the highest common divisor of 153 and w.
9
Let f(v) = 2*v**3 - 69*v**2 + 32*v + 9. Let p be f(34). Let o = -20 - p. What is the highest common factor of o and 741?
39
Let h = -243 + 355. Suppose 214*a - 206*a - h = 0. What is the greatest common factor of 280 and a?
14
Let o be 2/((-1 + 3)*-1). Let h be 167 + (o + 0)*2. Suppose 2427 - 1902 = 35*f. Calculate the highest common factor of f and h.
15
Let c(h) = -h**3 - 13*h**2 - 98*h - 1016. Let q be c(-12). What is the highest common factor of q and 292?
4
Suppose 20*y - 7219 - 5021 = 0. Calculate the greatest common divisor of y and 6.
6
Suppose 19*d - 456 = 23*d. Let n = 146 + d. Calculate the greatest common divisor of 288 and n.
32
Let n = 3665 + -3635. Let q = -5 + 5. Suppose -4*f + q*f + 120 = 0. Calculate the greatest common divisor of f and n.
30
Suppose 5 + 1 = 2*v. Suppose -v*c - 122 + 518 = 0. What is the highest common divisor of c and 12?
12
Let n = -164 - -166. Let x(t) = 26*t + 11. Let q be x(n). Calculate the greatest common divisor of q and 21.
21
Let z be (13/(-78) - (-2990)/12) + 3. Calculate the greatest common factor of z and 70.
14
Suppose 0 = 7*g - 4*g - k - 44, g - 2*k - 18 = 0. Let n be (g + -19)/(2/(-52)). Calculate the highest common divisor of 65 and n.
65
Let f(v) = -v**2 - 5*v + 90. Let g = -155 + 145. Let y be f(g). What is the greatest common divisor of 5 and y?
5
Let n be 2 + (-8)/(-4) - (-1 + 2). Suppose n*w - 22 = -a, -4*a + 110 = a - 3*w. What is the highest common divisor of 209 and a?
11
Let y = 1483 - 682. Let z = 815 - y. Calculate the greatest common factor of 1428 and z.
14
Suppose 3*b - 115 + 7 = 0. Let p be (-79)/(-9) + 8/b. Calculate the highest common factor of 9 and p.
9
Let k(m) = -9*m + 45. Let z be k(8). Let s = 100 + z. Suppose -4*n + 9 = 5*y - s, 48 = 3*y + 3*n. What is the greatest common factor of y and 18?
18
Let h = 20 + -16. Suppose -h*o + 54 = 2*o. Suppose 96 = 3*u + 4*r, -4*u + 61 + 80 = r. What is the highest common divisor of o and u?
9
Suppose -4*l - 796 = -7*l + k, 252 = l + 3*k. Let m = -145 + l. Let o(u) = 46*u + 937. Let s be o(-20). Calculate the highest common factor of m and s.
17
Suppose -2884 - 272 = -12*h. Suppose -3*q + 385 = -h. Calculate the highest common factor of 24 and q.
24
Let y(f) = -4*f**3 - 57*f**2 - 17*f + 32. Let r be y(-14). What is the greatest common factor of r and 3959?
37
Let n = 24 + -117. Let x = 45 + n. Let l = x + 55. Calculate the greatest common factor of 1 and l.
1
Let k = -31 - -49. Suppose 2*t - k = -0. Let y be 195/10*(6/t)/1. What is the greatest common divisor of y and 13?
13
Suppose 143 = 10*a + 13. Let b = -4807 - -4872. Calculate the highest common divisor of a and b.
13
Let y = -1544 - -3443. Calculate the highest common factor of y and 225.
9
Let j = -25157 + 33867. Calculate the greatest common divisor of 130 and j.
130
Let r(l) = -395*l + 11106. Let v be r(8). Calculate the greatest common divisor of 174 and v.
58
Let s(g) = -2*g**3 + 17*g**2 - 19*g - 6. Let a be s(7). Let n = -181 + 309. Calculate the highest common divisor of a and n.
8
Let p be (2/12)/((-250)/(-12000)). Calculate the greatest common divisor of 724 and p.
4
Let x be 2 - (2 + -2) - -48. Let h = 178 - 88. Suppose i + 3*s - h = -2*i, 25 = 5*s. What is the greatest common factor of i and x?
25
Let t(q) = q**3 - 73*q**2 - 1016*q - 333. Let w be t(85). Let l = -91 + 182. Calculate the highest common divisor of w and l.
7
Suppose -4*c - 44 + 12 = 0. Let n be 1*((-4)/c)/((-1)/(-182)). Let k be -1 + (0 - -2) - -12. Calculate the highest common factor of n and k.
13
Let n be 40 + 44 + (-17 - -74). Suppose 2*u = -3*d + 5, 4*d - u - 14 = -0*u. What is the highest common factor of n and d?
3
Let t = -284 + 297. Let n be 34/17 + t*6. Calculate the greatest common factor of 30 and n.
10
Let a(p) = 3*p**2 - p + 2. Let s be a(2). Suppose -3*m = 5*i + 5, 0*m = 2*i - 5*m + 2. Let h be 100/16 + i/4. Calculate the greatest common factor of s and h.
6
Let m(l) = l**2 - 3*l + 6. Let c be m(2). Suppose 21 + 22 = 3*k + 4*y, 60 = 4*k + c*y. Calculate the greatest common factor of k and 51.
17
Let i be (-10)/(-4)*(4 + 128/10). Calculate the greatest co